 to base 5.
-302231
Convert 1010 (base 13) to base 2.
100010100010
-10846426 (base 9) to base 6
-305145423
Convert 2341016 (base 8) to base 10.
639502
33549 (base 14) to base 11
85615
-17213040 (base 8) to base 10
-4003360
What is 13121111 (base 4) in base 15?
8e98
5ecd3 (base 16) to base 5
44411212
23424124 (base 5) to base 10
217414
Convert -22121020200 (base 3) to base 8.
-512534
Convert 23432531 (base 7) to base 15.
2aee12
What is ac680 (base 13) in base 5?
40004332
-23444123 (base 5) to base 7
-1600334
-653077 (base 9) to base 5
-44424411
473357 (base 10) to base 7
4011023
What is 153c7c (base 15) in base 12?
415516
Convert -1101011110100101010 (base 2) to base 11.
-2818a3
What is 35501 (base 6) in base 9?
7051
-191002 (base 11) to base 13
-a3b72
-555544 (base 11) to base 14
-190b32
What is -3741720 (base 8) in base 9?
-1844214
What is -21312003 (base 4) in base 2?
-1001110110000011
22431401 (base 5) to base 3
101021020020
-165084 (base 9) to base 2
-11000111011111000
What is 1102210112 (base 3) in base 15?
85a8
Convert 100012202011 (base 3) to base 9.
305664
What is -80583 (base 11) in base 7?
-1000340
What is 5b588 (base 14) in base 2?
110110100010000100
What is -37057 (base 16) in base 7?
-1626022
What is -2293546 (base 11) in base 15?
-540a11
What is -2012222012 (base 3) in base 16?
-aac6
Convert -2623441 (base 7) to base 8.
-1234264
-232676 (base 9) to base 7
-1121364
Convert -3636150 (base 9) to base 11.
-1128215
What is 1505621 (base 10) in base 14?
2b29a5
What is -121243114 (base 5) in base 13?
-17027a
Convert -11011011001111011 (base 2) to base 5.
-12043001
14015640 (base 8) to base 7
35540560
420232 (base 9) to base 10
249509
What is -5847122 (base 11) in base 6?
-1002532051
What is 1212130323 (base 4) in base 6?
12554443
-269750 (base 14) to base 9
-2450483
Convert 504463 (base 10) to base 8.
1731217
What is -1131212323 (base 4) in base 7?
-3154561
-20111212210 (base 3) to base 12
-62249
Convert 201202002120202 (base 3) to base 7.
155121416
What is 4336a32 (base 11) in base 3?
112100021011201
Convert -53353242 (base 6) to base 12.
-638822
What is -914352 (base 10) in base 7?
-10525515
Convert -110024434 (base 5) to base 15.
-94699
-98659 (base 16) to base 13
-18b179
What is 86733 (base 9) in base 5?
3314314
What is -505598 (base 10) in base 7?
-4204022
Convert -184037 (base 12) to base 6.
-13012111
What is 400153410 (base 6) in base 7?
111143151
-322565 (base 12) to base 2
-11000001011010011101
What is -188781b (base 15) in base 5?
-14040133301
What is 6212620 (base 7) in base 2?
10110101010111110111
What is 100111111001000000 (base 2) in base 10?
163392
What is -1755167 (base 11) in base 8?
-13272234
2279918 (base 10) to base 9
4254412
1ca1cc (base 13) to base 7
6154512
What is -2aac608 (base 13) in base 12?
-46b84a0
-3a59b (base 12) to base 4
-103213013
-1011010110101111101 (base 2) to base 10
-372093
Convert 1201521 (base 6) to base 9.
104804
-6908d8 (base 16) to base 12
-237b648
4104271 (base 9) to base 14
40d507
1421bb6 (base 12) to base 16
3d6f7a
What is -101311100221 (base 4) in base 3?
-22210111100101
What is -110011010101111001 (base 2) in base 6?
-4301333
Convert -1767ae (base 15) to base 2.
-100010101010001111011
What is 195b337 (base 12) in base 4?
110121310123
What is 204310004 (base 5) in base 12?
3520a2
-723613 (base 11) to base 4
-10123202130
-20302231 (base 4) to base 9
-54354
1a1ca3 (base 13) to base 11
4118a7
Convert -3b6179 (base 12) to base 7.
-11242203
What is -318713 (base 10) in base 14?
-84213
Convert -32060 (base 14) to base 13.
-42cbb
1031512 (base 6) to base 15
10168
Convert -2163591 (base 10) to base 4.
-20100032013
1022021100101 (base 3) to base 6
22514101
What is 561516 (base 7) in base 8?
301342
-3c235 (base 13) to base 11
-77519
What is -12870672 (base 10) in base 4?
-301012100100
Convert -1904582 (base 10) to base 9.
-3522532
What is -284049 (base 11) in base 8?
-1544277
Convert 101012101012 (base 3) to base 10.
200750
Convert -353520 (base 10) to base 8.
-1262360
What is -121231034 (base 6) in base 7?
-25412341
What is -45bc9c (base 13) in base 10?
-1654301
What is -5674668 (base 9) in base 6?
-145334442
123402132 (base 5) to base 3
1010211000112
Convert -222313220 (base 4) to base 10.
-175592
What is -21052451 (base 6) in base 12?
-257127
3d512 (base 16) to base 6
5214430
12002121102 (base 3) to base 16
187dc
12012333 (base 4) to base 2
110000110111111
Convert -1120410 (base 5) to base 11.
-14118
What is b45c3 (base 15) in base 4?
2023210203
Convert -110011101001101 (base 2) to base 4.
-12131031
-951239 (base 14) to base 15
-6970c3
Convert -176436a (base 11) to base 6.
-144050143
-29bb382 (base 12) to base 14
-11a2a8a
254b31 (base 15) to base 13
4a7a36
f77c6 (base 16) to base 10
1013702
Convert -3799b (base 14) to base 9.
-227037
Convert 11230604 (base 7) to base 4.
3233310203
What is -6969a1 (base 13) in base 5?
-1114442031
Convert 586562 (base 11) to base 2.
11100011010011100010
What is -1120110000012 (base 3) in base 2?
-11001011111101101111
Convert -6314 (base 10) to base 14.
-2430
Convert 65bc (base 15) to base 3.
1002120020
What is 96009 (base 10) in base 7?
546624
Convert -6ab39 (base 14) to base 16.
-3f82f
-20003031 (base 4) to base 13
-12015
-6547 (base 13) to base 3
-201022201
What is 1b13c (base 16) in base 3?
12122010201
19b67 (base 15) to base 16
14674
2021004003 (base 5) to base 9
7605738
-d95609 (base 14) to base 13
-16a5713
-33431313 (base 5) to base 14
-79b4d
Convert -2267255 (base 8) to base 4.
-2112322231
Convert 1021122221021 (base 3) to base 6.
22342441
-696822 (base 14) to base 4
-31230221132
What is 1ac44c (base 14) in base 7?
11060325
Convert -55423 (base 11) to base 6.
-1420025
Convert 22221110120 (base 3) to base 4.
222332130
Convert 410304324 (base 6) to base 16.
6b287c
9379b (base 16) to base 12
2516a3
Convert -2a71d (base 14) to base 3.
-12100221202
-1249869 (base 10) to base 6
-42442233
Convert 214c4 (base 15) to base 6.
2133221
Convert -4001543 (base 8) to base 9.
-1868507
What is 3166355 (base 8) in base 2?
11001110110011101101
Convert 116676 (base 8) to base 6.
510542
What is -4268710 (base 11) in base 2?
-11100101000111011110010
43103131 (base 5) to base 15
727e6
What is 35348 (base 9) in base 4?
11300333
13565344 (base 8) to base 6
145523044
Convert 32646031 (base 9) to base 15.
15c07a4
What is 3ae9c (base 15) in base 6?
4014350
What is 31615 (base 8) in base 14?
4b49
Convert 103b6b1 (base 14) to base 11.
4373354
What is -36a6b (base 16) in base 3?
-102101001210
Convert 141323013 (base 7) to base 6.
525520500
-10971ed (base 15) to base 11
-6778393
What is 25d2e (base 16) in base 9?
255460
59846 (base 11) to base 15
1a81c
11101101110110100 (base 2) to base 12
5a584
53336 (base 8) to base 5
1202423
What is -220131201 (base 5) in base 12?
-395644
What is -442af (base 16) in base 10?
-279215
113425626 (base 7) to base 12
2423986
440430123 (base 5) to base 9
3488707
Convert -167040 (base 16) to base 3.
-2202201012000
Convert 7a653 (base 13) to base 9.
368774
-1410312401 (base 5) to base 7
-42430404
What is 52253522 (base 6) in base 4?
11302011122
1540428 (base 9) to base 14
182d68
What is -177b80 (base 13) in base 14?
-1146c2
-10112021112112 (base 3) to base 15
-270a05
21000122012110 (base 3) to base 7
43504203
Convert 5485303 (base 11) to base 14.
13c810a
2010240000 (base 5) to base 9
7455475
110141002 (base 5) to base 10
474502
Convert 1025054 (base 7) to base 8.
362455
What is 5b41 (base 14) in base 3?
210212010
Convert -1542473 (base 8) to base 12.
-194937
Convert 151414502 (base 6) to base 8.
14032546
Convert -4304200 (base 5) to base 7.
-421103
What is -1167882 (base 12) in base 7?
-40444406
Convert 6993a (base 14) to base 10.
257008
254605 (base 7) to base 9
71774
Convert 79051 (base 15) to base 6.
12125334
What is 1211022122221 (base 3) in base 16?
ed01f
ea28e (base 15) to base 7
6213266
What is 423819 (base 10) in base 13?
11aba6
-23c05 (base 15) to base 9
-183435
Convert -101221201101200 (base 3) to base 9.
-11851350
What is -101011011011001100 (base 2) in base 4?
-223123030
Convert -626486 (base 9) to base 10.
-372192
3a8500 (base 13) to base 15
1d01c5
Convert -4528620 (base 10) to base 3.
-22112002002200
What is 59a377 (base 12) in base 15?
1d932